p. What are the prime factors of i(p)?
2, 3
Suppose 6*p - 2*p - 17 = g, -2*g = -3*p + 9. Suppose 38 = -g*d + 4*d. What are the prime factors of d?
2, 19
Let i(w) = 6*w**2 + w + 3. What are the prime factors of i(-2)?
5
Let a(f) = -f**2 + 6*f + 5. Let o be a(6). Suppose -2*q + 4*i = 2, 4*q + q + o*i = 40. What are the prime factors of q?
5
Let u(y) = 2*y**3 + 2*y**2 - 4*y + 9. What are the prime factors of u(4)?
3, 17
Let n(l) = 7*l. Let s = -1 - -5. Let v be n(s). Suppose -v = -2*c - 0*c. List the prime factors of c.
2, 7
Suppose 0 = 3*d - 78 - 78. Suppose -4*k - d = -8*k. List the prime factors of k.
13
Suppose -r - 8 + 12 = 0. Let i = r + 4. List the prime factors of i.
2
Let m(v) = 2*v**2 - 3*v + 1. What are the prime factors of m(5)?
2, 3
Let c = -2 + 2. Let d be (-2)/(-5) - 22/5. Let u = c - d. What are the prime factors of u?
2
Suppose -141*f + 144*f = 387. What are the prime factors of f?
3, 43
Let q = 3 + -4. Let z = q + 25. What are the prime factors of z?
2, 3
Suppose -4*c + 2*k = -366, -2*c + 5*k = -3*c + 119. What are the prime factors of c?
2, 47
What are the prime factors of ((-460)/8)/5*-4?
2, 23
Suppose 0*h + 8 = -4*h, 2*h + 14 = 5*f. Suppose -10*w = -14*w + 528. What are the prime factors of w/8 - (-1)/f?
17
Let s(q) = q**2 - 7*q + 1. Let p be s(5). Let z(b) = b**2 + 7*b - 13. What are the prime factors of z(p)?
5
Suppose -5*r + 87 - 12 = 0. What are the prime factors of ((-5)/r)/((-1)/33)?
11
Suppose -t = 3*t - 5*o - 79, -140 = -5*t - 2*o. Suppose 46 = 4*k - t. List the prime factors of k.
2, 3
Let j be (-2)/(-8) + (-44)/(-16). Suppose -j*b = 5*v - 6, -4*v + 2*b + 2 = 3*b. Suppose 2*o - 11 - 9 = v. What are the prime factors of o?
2, 5
Let n(m) = 5*m - 41. What are the prime factors of n(17)?
2, 11
Suppose -5*q + 3*q + 8 = 0. Suppose -3*h - 3*n + 8 = -2*n, 3*h + 2*n = q. List the prime factors of h.
2
Let n(c) = -c**3 + 5*c**2 + c + 3. Suppose -3*q + 13 = 5*m - 12, -5*q = -2*m + 10. List the prime factors of n(m).
2
Suppose q = -5 + 33. Let f = q - 20. List the prime factors of f.
2
Let s be 1/(-1 + 1/2). Let n be 4/(-6) - s/3. Suppose n = -0*d + d - 11. What are the prime factors of d?
11
Let g be (-11 - -1)/((-1)/(-4)). Let z = 79 + g. What are the prime factors of z?
3, 13
Suppose -n + 0 = -2*j + 6, -4 = -n. Suppose 0*g = j*g - 40. List the prime factors of g.
2
Let r be 1/(-2)*(11 - 15). What are the prime factors of (-60)/(-9)*(5 - r)?
2, 5
Let n = 3 - -23. Suppose -5*j - 1 = -n. List the prime factors of j.
5
Suppose s = 3*d - 93, 2*d + 5*s - 24 - 21 = 0. List the prime factors of (36/d)/(6/40).
2
Suppose -10*j - 2*j = -1656. List the prime factors of j.
2, 3, 23
List the prime factors of -9*(-6 - 6/(-3)).
2, 3
Suppose -6 = -b + 3*q + 10, 3*q = -12. Suppose -4*h = -p + 6, 4*p + 5*h - b - 20 = 0. What are the prime factors of p?
2, 3
What are the prime factors of ((-1)/(-2))/(8/864)?
2, 3
Let r(c) = -4 + 2*c**2 + 2 - 2*c**2 + c**3 - 2*c**2 + 4*c. What are the prime factors of r(2)?
2, 3
Let f be (1 + (-2)/(-1))/1. Suppose -2*x - 17 = -f*x. What are the prime factors of x?
17
Suppose 3*x - 12 = 2*x + q, 34 = 3*x - 2*q. List the prime factors of x.
2, 5
Suppose 73 = 5*c - 47. What are the prime factors of ((-14)/(-21))/(2/c)?
2
Suppose 3*y = 10*y - 343. List the prime factors of y.
7
Suppose -2227 = -5*o - 537. What are the prime factors of o?
2, 13
What are the prime factors of ((-12)/(-18))/((-2)/(-369))?
3, 41
Let y be 8/(-12)*159/2. Let x = y + 75. List the prime factors of x.
2, 11
Suppose -5*p = 4*x - 14, -4*p - 5*x + 10 = p. Let o = p - -8. List the prime factors of o.
2, 7
Let b(p) = p**2 - 2*p - 1. Suppose 0 = x - 6 + 1. Suppose 2 = q - a - x, 0 = -5*q - a + 11. List the prime factors of b(q).
2
Let b(j) = 2*j. Let w be b(-5). Let g = 20 + w. List the prime factors of g.
2, 5
Let d = -3 - 0. Let c be 6/(-5)*20/d. Suppose -3*x + c = -2*a - 0*a, -2*a = -2*x + 4. List the prime factors of a.
2
Let a(l) = -l**3 - 7*l**2 + 4*l - 6. What are the prime factors of a(-8)?
2, 13
What are the prime factors of (-2667)/(-42) + (-1)/(-2)?
2
Let x = -24 + 40. Suppose -6*g - 55 = -g. Let s = x + g. What are the prime factors of s?
5
Suppose -4*p = 2*f - 44, 0 = -5*f + p + 57 + 9. What are the prime factors of f?
2, 7
Let s = 6 + -2. What are the prime factors of -12*s/(-4 + 0)?
2, 3
Let u(w) = -2 + 6 - 4 - 5*w. List the prime factors of u(-3).
3, 5
Let z(r) = -r**3 - 15*r**2 - 15*r - 12. Let b be z(-14). Suppose t + 3*t = -4*c + 16, 4 = 4*t + c. Suppose t = 4*k - b*k - 8. What are the prime factors of k?
2
Suppose -d + 1 + 4 = 0. Suppose 5*u = 3*j - 47 - 28, d*u - 5 = -j. List the prime factors of (24/(-20))/((-3)/j).
2
Let f(p) = -p**2 + 6*p + 3. Let v(h) = -6*h + 3*h - 2*h - 1. Let o be v(-1). What are the prime factors of f(o)?
11
Let d(r) = 19 - 10 + 1 - r. Suppose 0*s - 24 = -3*s. What are the prime factors of d(s)?
2
Let j(i) = 2*i + 1. Let v be j(5). Suppose -2*n - 2*n = 0. Suppose v = r - n. What are the prime factors of r?
11
What are the prime factors of (-14)/(-14) + (-1 - -3)?
3
Suppose -c - 2 = -2*b, 5*b = 2*c + 3 - 0. Let p(j) = j**2 - 7*j - 5. Let h be p(8). Let r = b + h. List the prime factors of r.
2
Let a(w) = 1 + 3 - 4 - 15*w. Let v be a(-5). Suppose 5*o - 5*f - v = 0, 3*o + 5*f + 0 = 29. List the prime factors of o.
13
Let x be (-1186)/(-4) - 6/(-12). Suppose x = 5*j + 22. Suppose 2*v = -2*v - 5*h + j, 2*v + 5*h = 25. What are the prime factors of v?
3, 5
What are the prime factors of 10/(2/(-12) + (-88)/(-240))?
2, 5
Let m(u) = -u + 5. Let f be m(-4). Let r = f + 13. What are the prime factors of r?
2, 11
Suppose -2*c - 28 = 2*n, c + c = 2*n - 12. List the prime factors of -22*(c/(-4) - 3).
11
Let x = 5 - -21. What are the prime factors of x?
2, 13
Let y(a) = -a**2 + 5*a - 4. Let x be y(4). Suppose x = 3*h - h. Suppose h = -o - 4*o + 95. List the prime factors of o.
19
Let w(d) = -d + 3. Let b be w(7). List the prime factors of (128/(-6))/b*3.
2
Suppose -4*o + 4 = -4. Let y be (-1 + o)/(0 + 1). List the prime factors of y/4 - (-140)/16.
3
Suppose -2*m + 10 = 0, -2*m = -4*p - 4*m + 534. What are the prime factors of p?
131
Let m(s) = -s**3 - s**2 - 2*s - 4. List the prime factors of m(-3).
2, 5
Let t(z) = 5 - 4 + z - z**3 - 3. Let g be t(0). List the prime factors of g*(21/6)/(-1).
7
Let f = 56 + -25. List the prime factors of f.
31
Let b = 2 - -17. List the prime factors of b.
19
Suppose 3*r = 2*r + d + 158, 3*r = -3*d + 504. What are the prime factors of r?
163
Let h = 53 + -7. List the prime factors of h.
2, 23
Suppose 5*h + 4 + 1 = 0. Let s be -7 + h + (3 - 0). Let i = s + 10. List the prime factors of i.
5
Let t(m) = 5*m. Let y be t(-3). Let o be -1 + 12*2 - -2. Let b = o + y. What are the prime factors of b?
2, 5
Let g(q) = q**2 + 2*q - 3. Let v be g(-3). What are the prime factors of 4/(v + 3/6)?
2
Suppose -r - 2 = -t + 16, 3*t + 4*r = 54. What are the prime factors of t?
2, 3
Suppose -3*o + 10 = 2*o. Let t(f) = -3*f**2 - 4*f - 1. Let r(x) = -13*x**2 - 15*x - 4. Let l(z) = o*r(z) - 9*t(z). List the prime factors of l(-7).
2
Let n be (-5)/((-37)/12 - -3). Suppose -n = -6*p + p. List the prime factors of p.
2, 3
List the prime factors of ((-3)/9)/(0 - (-4)/(-804)).
67
Suppose 3*w - 621 = 12*j - 11*j, -4*w = 2*j - 828. List the prime factors of w.
3, 23
Let o(a) = a - 2. Let s be o(2). Suppose s*u + 19 = u. What are the prime factors of u?
19
Let h(c) be the second derivative of c**4/12 - c**3/3 + c**2/2 + 3*c. What are the prime factors of h(-3)?
2
Let u be (1/2)/(6/(-120)). What are the prime factors of (15/(-6))/(1/u)?
5
Suppose -5*j = -2*j - 42. Suppose -16 = -0*y - 3*y + 5*g, 4*g = y - 10. Let z = j - y. List the prime factors of z.
2, 3
Suppose -160 = -5*b + b. What are the prime factors of b?
2, 5
Let i = 105 + 45. List the prime factors of i.
2, 3, 5
What are the prime factors of 825/(-20)*(1 + (-22)/6)?
2, 5, 11
Suppose -4*s = -9 - 3. Let b = -8 + 13. Let r = b - s. What are the prime factors of r?
2
Suppose 3*f - 99 - 78 = 0. List the prime factors of f/4 + (-1)/(-4).
3, 5
Suppose 35 = q - 5*i, -2*q - q + 3*i = -93. Let t = -17 + q. List the prime factors of t.
13
Suppose -4*z - 16 = 4. List the prime factors of (3 - 0)/((-1)/z).
3, 5
Suppose 0 = -2*q + 3*q - 3. Suppose -8 = q*o - 4*o. What